6*b**3 + 151*b**2 + 289*b + 2929. Give k(-24).
25
Let d(f) = -3286*f + 3344. Calculate d(1).
58
Let x(k) = -k**3 + 145*k**2 - 1740*k + 1710. Give x(12).
-18
Let m(k) = -30*k**3 + 389*k**2 - 38*k + 464. Determine m(13).
-199
Let h(b) = 44*b**2 - 511*b - 1022. Give h(-2).
176
Let g(w) = 108*w + 25273. What is g(-234)?
1
Let m(j) = -9270*j + 9427. Determine m(1).
157
Let z(u) = 4405*u + 145376. Give z(-33).
11
Let x(r) = 327*r - 35392. Give x(109).
251
Let k(p) = -5*p**2 + 112735*p + 338237. Calculate k(-3).
-13
Let j(z) = 131*z - 500. Calculate j(-3).
-893
Let n(r) = 1903*r - 15561. Calculate n(9).
1566
Let s(t) = t**3 + 87*t**2 + 1572*t + 561. Determine s(-25).
11
Let g(x) = -587*x + 5771. Calculate g(10).
-99
Let t(g) = 2082*g + 24591. Give t(-12).
-393
Let v(d) = 3*d**2 + 1428*d - 70306. Determine v(45).
29
Let z(n) = -44*n**2 - 440*n - 1720. Determine z(-4).
-664
Let h(v) = 6*v**3 - 693*v**2 + 346*v - 24. Give h(115).
91
Let u(m) = m**3 - 73*m**2 - 1032*m + 75335. Determine u(73).
-1
Let b(s) = 7230*s + 499123. Determine b(-69).
253
Let l(n) = -13*n**2 + 315*n - 1564. What is l(8)?
124
Let a(p) = 7*p**3 + 9*p**2 + 42*p + 81. Give a(-3).
-153
Let z(q) = -3*q**2 - 14*q + 546. What is z(-21)?
-483
Let f(m) = 4443*m - 204364. Give f(46).
14
Let a(m) = 2*m**3 - 98*m**2 + 96*m - 79. Calculate a(48).
-79
Let h(o) = 2*o**2 + 720*o - 142563. What is h(142)?
5
Let p(i) = -616*i + 22979. Give p(38).
-429
Let t(f) = -296*f - 7808. Determine t(-32).
1664
Let y(c) = -251*c - 21219. Give y(-87).
618
Let f(h) = -6*h**3 - 2951*h**2 + 480*h - 5844. Calculate f(-492).
60
Let h(b) = -b**2 - 549*b - 10071. What is h(-19)?
-1
Let c(m) = 77*m**2 - 1859*m - 3634. Give c(26).
84
Let l(i) = 4*i**3 + 54*i**2 + 103*i - 4. Determine l(-8).
580
Let m(k) = 11*k**3 - 57*k**2 + 146*k + 12. Determine m(3).
234
Let r(q) = q**2 - 71*q + 675. Give r(9).
117
Let d(c) = -79*c + 10260. Give d(62).
5362
Let o(f) = -25*f - 1042. What is o(-50)?
208
Let r(m) = -m**2 + 434*m + 83981. Calculate r(-145).
26
Let v(c) = -10141*c - 9653. Calculate v(-1).
488
Let h(i) = -56*i**2 - 571*i - 5241. Calculate h(-9).
-4638
Let w(d) = 3*d**2 + 177*d + 2764. Calculate w(-51).
1540
Let h(z) = z**3 - 59*z**2 + 81*z + 1835. What is h(57)?
-46
Let s(o) = 2*o**2 + 267*o - 1811. Calculate s(7).
156
Let x(k) = k**3 - 114*k**2 - 266*k + 42815. Calculate x(113).
-12
Let v(x) = -x**3 + 148*x**2 - 1145*x + 41575. Calculate v(142).
-31
Let w(x) = 8*x**2 - 352*x - 252. Determine w(46).
484
Let g(a) = 2*a**3 - 5*a**2 + 6*a - 101. Calculate g(4).
-29
Let h(s) = -57*s**3 - 93*s**2 + 573*s + 1061. Determine h(-2).
-1
Let y(c) = c**3 - 28*c**2 - 62*c + 2281. Determine y(10).
-139
Let o(j) = j**2 - 51*j - 30. Give o(16).
-590
Let k(o) = o**2 - 15246*o + 228476. Determine k(15).
11
Let l(k) = 18*k**2 - 7028*k + 136159. Calculate l(370).
-1
Let f(q) = -q**2 + 65*q - 941. Calculate f(26).
73
Let d(a) = 11037*a - 3675294. Calculate d(333).
27
Let m(c) = 109*c**3 - 6*c**2 - 355*c - 697. What is m(-2)?
-883
Let c(n) = 59*n**2 + 855*n + 448. What is c(-14)?
42
Let u(y) = -y**3 - 10*y**2 + 128*y - 1276. Calculate u(-21).
887
Let s(q) = -372*q - 26252. Determine s(-68).
-956
Let g(p) = -1517*p + 978479. Calculate g(645).
14
Let g(f) = -6*f**2 + 339*f - 3583. Give g(14).
-13
Let o(u) = u**2 - 1526*u + 401551. Calculate o(338).
7
Let x(q) = -16*q**2 - 1153*q + 1079. Calculate x(-73).
-16
Let t(w) = w**2 - 2241*w - 15746. Determine t(-7).
-10
Let u(x) = 12*x**2 + 674*x - 2269. Give u(-59).
-263
Let j(s) = -s**3 + 76*s**2 - 522*s + 27750. Give j(74).
74
Let z(o) = -o**3 - 36*o**2 + 928*o - 1756. Calculate z(16).
-220
Let f(s) = -24572*s - 245726. Determine f(-10).
-6
Let l(p) = -p**3 - 795*p**2 + 23068*p + 19751. Determine l(-823).
-1
Let h(m) = -44*m**2 - 335*m - 451. Give h(-6).
-25
Let a(p) = 38*p**2 + 31*p + 135. Give a(-5).
930
Let w(b) = 9437*b + 66730. Determine w(-7).
671
Let y(h) = 5328*h + 431513. Calculate y(-81).
-55
Let g(o) = 119*o + 284. Give g(-6).
-430
Let p(t) = 1757*t + 246080. Determine p(-140).
100
Let z(w) = -16801*w + 185367. What is z(11)?
556
Let n(h) = h**3 + 67*h**2 - 52*h + 1204. Determine n(-68).
116
Let m(v) = 5*v**2 - 420300*v + 840584. Give m(2).
4
Let w(d) = -31*d**2 - 717*d + 3. Give w(-24).
-645
Let r(x) = x**3 - 55*x**2 - 1183*x + 63120. Calculate r(56).
8
Let f(d) = 5*d**2 - 1278*d - 18817. Give f(-14).
55
Let x(n) = 2*n**3 + 84*n**2 - 300*n + 295. Calculate x(-45).
1645
Let q(y) = -y**3 - 206*y**2 - 3396*y + 8. Give q(-18).
224
Let x(l) = 3512*l + 2166917. What is x(-617)?
13
Let a(m) = 145595*m - 582157. Determine a(4).
223
Let i(a) = a**3 - 88*a**2 - 2716*a - 676. Determine i(-24).
-4
Let f(i) = 447*i - 76. Determine f(-1).
-523
Let r(v) = -3*v**2 - 21106*v + 317248. Give r(15).
-17
Let j(c) = -378*c - 258. Calculate j(-1).
120
Let m(p) = -p**3 - 51*p**2 - 564*p - 22640. What is m(-49)?
194
Let v(r) = 189094*r + 1890946. Give v(-10).
6
Let m(o) = 2*o**2 + 233869*o - 2104973. What is m(9)?
10
Let a(r) = -r**3 + 16*r**2 - 132*r - 3923. What is a(-10)?
-3
Let l(z) = -2*z**3 - 104*z**2 + 180*z + 9255. What is l(-52)?
-105
Let h(w) = -1110386*w - 2220770. Determine h(-2).
2
Let h(o) = -28161*o + 591462. Give h(21).
81
Let i(t) = 36*t**3 - 30*t**2 - 51*t - 1. Determine i(-1).
-16
Let g(m) = -404*m - 7799. Determine g(-20).
281
Let b(w) = -8*w**3 - 920*w**2 - 4*w - 437. Determine b(-115).
23
Let z(g) = 4*g**3 + 29*g**2 - 234*g - 379. Determine z(6).
125
Let v(f) = 2*f**3 + 65*f**2 - 537*f - 1156. Give v(-39).
14
Let d(s) = -1021*s**3 - 15*s**2 + 28*s - 13. Calculate d(1).
-1021
Let r(d) = -d**3 - 3*d**2 + 1584*d + 7920. Determine r(-5).
50
Let w(z) = -2*z**3 - 70*z**2 + 302*z - 460. Determine w(-39).
-70
Let h(q) = -5*q**2 - 599*q - 14397. Give h(-34).
189
Let q(r) = r**2 - 175*r - 58591. Give q(345).
59
Let k(b) = b**2 - 361*b + 10609. Determine k(33).
-215
Let u(o) = -809*o + 1062. What is u(-3)?
3489
Let p(t) = -3*t**3 - 8*t**2 + 1648*t + 4938. Determine p(-3).
3
Let g(z) = 76*z**2 + 354*z - 119. What is g(-10)?
3941
Let o(j) = 5420889*j - 16262643. What is o(3)?
24
Let x(o) = o**2 - 631*o - 94683. Give x(-119).
-5433
Let p(c) = 3*c**2 + 216*c + 501. What is p(-83)?
3240
Let y(t) = 2371*t + 18365. What is y(-7)?
1768
Let y(u) = u**3 - 259*u**2 + 2004*u + 857. Determine y(251).
-147
Let f(r) = -r**3 + 93*r**2 - 1390*r + 3001. What is f(75)?
1
Let a(m) = -1596*m + 453263. What is a(284)?
-1
Let y(k) = 8397*k - 50695. What is y(6)?
-313
Let y(g) = -g**3 - 8*g**2 + 34317*g + 274515. What is y(-8)?
-21
Let h(t) = -2*t**2 + 84*t + 1549. Give h(49).
863
Let j(z) = 2*z**2 + 941*z + 74669. Give j(-101).
30
Let h(z) = z**3 + 24*z**2 - 60*z - 1603. Determine h(-24).
-163
Let a(w) = -3156*w - 205136. Determine a(-65).
4
Let s(r) = 717*r**2 - 757*r - 1516. Determine s(-2).
2866
Let f(c) = -c**2 + 593161*c - 2372638. What is f(4)?
-10
Let n(k) = 27*k**2 - 98*k - 15227. What is n(-22)?
-3
Let l(w) = 785*w + 12231. Determine l(-16).
-329
Let u(k) = -16*k**2 - 3896*k - 22822. Give u(-6).
-22
Let p(g) = 4*g**2 - 1087*g + 8510. Give p(8).
70
Let i(s) = s**3 + 13*s**2 + 24*s + 874. Determine i(-15).
64
Let w(s) = -14534*s + 130816. Give w(9).
10
Let w(l) = l**3 + 14*l**2 + 3044*l + 15010. What is w(-5)?
15
Let z(o) = 9*o**3 + 91*o**2 + 17*o + 37. Calculate z(-10).
-33
Let k(v) = -v**3 + 114*v**2 - 2022*v - 184. Calculate k(92).
0
Let j(i) = i**3 - 14*i**2 - 410*i + 2688. Determine j(6).
-60
Let f(w) = 33*w**3 + 264*w**2 + 219*w - 30. Calculate f(-7).
54
Let f(g) = -2*g**2 - 62*g - 36. Calculate f(-26).
224
Let b(f) = 3586*f - 4262. What is b(2)?
2910
Let w(f) = f**3 + 204*f**2 + 798*f - 1200. Give w(-200).
-800
Let b(s) = -s**2 + 38*s - 332. Give b(22).
20
Let d(h) = -h**3 + 36*h**2 + 269*h - 13164. Give d(31).
-20
Let j(z) = 2*z**2 + 252*z + 7873. What is j(-70)?
33
Let i(d) = 2*d**2 + 160*d + 2032. What is i(-67)?
290
Let h(l) = 2*l**3 + 112*l**2 - 55*l - 108. What is h(0)?
-108
Let l(h) = 141*h**2 + 43*h - 207. Determine l(0).
-207
Let z(b) = -10*b**2 + 1329*b - 3726. What is z(130)?
44
Let t(f) = 2*f**2 + 10553*f - 976889. Determine t(91).
-4
Let n(s) = -25*s**2 - 1377*s + 47240. What is n(-79)?
-2
Let d(n) = -41996*n + 4913534. Determine d(117).
2
Let n(y) = 38*y**3 - 3611*y**2 + 85*y + 997. Calculate n(